5271?
3, 7, 251
List the prime factors of 11749.
31, 379
What are the prime factors of 1504?
2, 47
What are the prime factors of 5691?
3, 7, 271
What are the prime factors of 3265?
5, 653
What are the prime factors of 109?
109
List the prime factors of 24278.
2, 61, 199
List the prime factors of 48202.
2, 7, 11, 313
List the prime factors of 262.
2, 131
List the prime factors of 22295.
5, 7, 13
List the prime factors of 9041.
9041
What are the prime factors of 802?
2, 401
List the prime factors of 28928.
2, 113
What are the prime factors of 5589?
3, 23
What are the prime factors of 15041?
13, 89
List the prime factors of 7064.
2, 883
What are the prime factors of 3132?
2, 3, 29
List the prime factors of 11394.
2, 3, 211
List the prime factors of 113718.
2, 3, 11, 1723
List the prime factors of 133240.
2, 5, 3331
List the prime factors of 19650.
2, 3, 5, 131
List the prime factors of 1084.
2, 271
What are the prime factors of 3232?
2, 101
What are the prime factors of 116525?
5, 59, 79
What are the prime factors of 786?
2, 3, 131
What are the prime factors of 78115?
5, 17, 919
List the prime factors of 3373.
3373
What are the prime factors of 11774?
2, 7, 29
What are the prime factors of 16297?
43, 379
What are the prime factors of 34032?
2, 3, 709
List the prime factors of 7934.
2, 3967
List the prime factors of 29601.
3, 11, 13, 23
List the prime factors of 15.
3, 5
List the prime factors of 46.
2, 23
List the prime factors of 1150.
2, 5, 23
What are the prime factors of 5147?
5147
List the prime factors of 8652.
2, 3, 7, 103
List the prime factors of 6686.
2, 3343
List the prime factors of 12312.
2, 3, 19
What are the prime factors of 7493?
59, 127
List the prime factors of 8868.
2, 3, 739
List the prime factors of 22956.
2, 3, 1913
What are the prime factors of 620?
2, 5, 31
What are the prime factors of 12123?
3, 449
List the prime factors of 98811.
3, 10979
List the prime factors of 1618.
2, 809
What are the prime factors of 3366?
2, 3, 11, 17
List the prime factors of 21924.
2, 3, 7, 29
What are the prime factors of 5718?
2, 3, 953
List the prime factors of 2160.
2, 3, 5
List the prime factors of 1281.
3, 7, 61
What are the prime factors of 120506?
2, 89, 677
What are the prime factors of 5445?
3, 5, 11
List the prime factors of 15164.
2, 17, 223
List the prime factors of 15262.
2, 13, 587
What are the prime factors of 18421?
13, 109
List the prime factors of 30729.
3, 10243
List the prime factors of 1580.
2, 5, 79
List the prime factors of 42325.
5, 1693
What are the prime factors of 1427?
1427
What are the prime factors of 720?
2, 3, 5
What are the prime factors of 1409?
1409
What are the prime factors of 29051?
11, 19, 139
What are the prime factors of 960?
2, 3, 5
What are the prime factors of 71280?
2, 3, 5, 11
What are the prime factors of 32615?
5, 11, 593
List the prime factors of 568.
2, 71
What are the prime factors of 3540?
2, 3, 5, 59
List the prime factors of 388.
2, 97
List the prime factors of 43415.
5, 19, 457
What are the prime factors of 1129?
1129
What are the prime factors of 1108?
2, 277
What are the prime factors of 6311?
6311
List the prime factors of 905.
5, 181
What are the prime factors of 2028?
2, 3, 13
List the prime factors of 21885.
3, 5, 1459
List the prime factors of 322.
2, 7, 23
What are the prime factors of 2148?
2, 3, 179
What are the prime factors of 295?
5, 59
What are the prime factors of 44027?
44027
List the prime factors of 1237.
1237
What are the prime factors of 52426?
2, 11, 2383
What are the prime factors of 1343?
17, 79
What are the prime factors of 10986?
2, 3, 1831
List the prime factors of 3145.
5, 17, 37
List the prime factors of 43319.
43319
What are the prime factors of 711?
3, 79
List the prime factors of 15596.
2, 7, 557
What are the prime factors of 3549?
3, 7, 13
List the prime factors of 26161.
26161
List the prime factors of 36307.
36307
What are the prime factors of 9765?
3, 5, 7, 31
What are the prime factors of 3164?
2, 7, 113
List the prime factors of 97938.
2, 3, 5441
What are the prime factors of 949?
13, 73
List the prime factors of 95938.
2, 47969
List the prime factors of 149528.
2, 18691
List the prime factors of 36.
2, 3
List the prime factors of 117134.
2, 58567
What are the prime factors of 20881?
7, 19, 157
What are the prime factors of 1302?
2, 3, 7, 31
List the prime factors of 1846.
2, 13, 71
List the prime factors of 652.
2, 163
What are the prime factors of 11049?
3, 29, 127
What are the prime factors of 1792?
2, 7
What are the prime factors of 13521?
3, 4507
List the prime factors of 33734.
2, 101, 167
What are the prime factors of 207933?
3, 11, 6301
List the prime factors of 4322.
2, 2161
What are the prime factors of 13055?
5, 7, 373
List the prime factors of 4317.
3, 1439
What are the prime factors of 2651?
11, 241
What are the prime factors of 321?
3, 107
What are the prime factors of 56210?
2, 5, 7, 11, 73
What are the prime factors of 1867?
1867
What are the prime factors of 11633?
11633
List the prime factors of 44312.
2, 29, 191
List the prime factors of 1659.
3, 7, 79
List the prime factors of 2235.
3, 5, 149
What are the prime factors of 8147?
8147
What are the prime factors of 21300?
2, 3, 5, 71
What are the prime factors of 10952?
2, 37
What are the prime factors of 7358?
2, 13, 283
What are the prime factors of 79?
79
What are the prime factors of 10689?
3, 7, 509
What are the prime factors of 16212?
2, 3, 7, 193
What are the prime factors of 96?
2, 3
What are the prime factors of 43781?
43781
What are the prime factors of 6019?
13, 463
List the prime factors of 1291.
1291
List the prime factors of 90959.
11, 8269
List the prime factors of 1137.
3, 379
List the prime factors of 39.
3, 13
List the prime factors of 8123.
8123
List the prime factors of 68502.
2, 3, 7, 233
What are the prime factors of 12125?
5, 97
What are the prime factors of 33054?
2, 3, 7, 787
What are the prime factors of 162450?
2, 3, 5, 19
List the prime factors of 1870.
2, 5, 11, 17
List the prime factors of 1344.
2, 3, 7
List the prime factors of 7245.
3, 5, 7, 23
What are the prime factors of 38566?
2, 11, 1753
List the prime factors of 27907.
11, 43, 59
What are the prime factors of 226?
2, 113
What are the prime factors of 9376?
2, 293
List the prime factors of 1494.
2, 3, 83
List the prime factors of 7432.
2, 929
What are the prime factors of 836?
2, 11, 19
What are the prime factors of 2947?
7, 421
List the prime factors of 47562.
2, 3, 7927
List the prime factors of 68926.
2, 11, 13, 241
What are the prime factors of 12217?
19, 643
List the prime factors of 21116.
2, 5279
List the prime factors of 2107.
7, 43
List the prime factors of 20024.
2, 2503
List the prime factors of 3793.
3793
What are the prime factors of 48904?
2, 6113
List the prime factors of 2288.
2, 11, 13
What are the prime factors of 2643?
3, 881
What are the prime factors of 440?
2, 5, 11
What are the prime factors of 4888?
2, 13, 47
What are the prime factors of 3?
3
What are the prime factors of 28022?
2, 14011
What are the prime factors of 4127?
4127
List the prime factors of 3415.
5, 683
List the prime factors of 17087.
7, 2441
List the prime factors of 9132.
2, 3, 761
List the prime factors of 57943.
57943
What are the prime factors of 733?
733
What are the prime factors of 63926?
2, 31963
List the prime factors of 15924.
2, 3, 1327
What are the prime factors of 197272?
2, 24659
What are the prime factors of 58384?
2, 41, 89
What are the prime factors of 440?
2, 5, 11
List the prime factors of 130.
2, 5, 13
What are the prime factors of 7051?
11, 641
List the prime factors of 6430.
2, 5, 643
What are the prime factors of 113344?
2, 7, 11, 23
List the prime factors of 69682.
2, 34841
What are the prime factors of 16005?
3, 5, 11, 97
List the prime factors of 251.
251
List the prime factors of 51457.
7, 7351
What are the prime factors of 48?
2, 3
List the prime factors of 2650.
2, 5, 53
List the prime factors of 28878.
2, 3, 4813
What are the prime factors of 19601?
17, 1153
What are the prime factors of 2712?
2, 3, 113
List the prime factors of 6328.
2, 7, 113
List the prime factors of 81624.
2, 3, 19, 179
List the prime factors of 4099.
4099
List the prime factors of 27864.
2, 3, 43
List the